e the greatest common factor of 18585 and 1008.
63
Calculate the highest common factor of 391 and 127483.
17
Calculate the greatest common divisor of 539 and 441.
49
Calculate the greatest common factor of 66009 and 33.
3
Calculate the greatest common divisor of 261 and 1846952.
29
Calculate the highest common divisor of 570 and 112404.
114
What is the highest common divisor of 203155 and 7175?
205
What is the greatest common divisor of 189 and 3834?
27
Calculate the highest common divisor of 33 and 151701.
33
What is the greatest common factor of 483 and 14?
7
Calculate the greatest common factor of 23934 and 30.
6
What is the highest common factor of 180 and 28305?
45
Calculate the greatest common factor of 775 and 22400.
25
What is the highest common divisor of 4018 and 8134?
98
What is the greatest common factor of 185727 and 24?
3
Calculate the highest common divisor of 270 and 1582470.
270
Calculate the highest common factor of 1830 and 14295.
15
What is the greatest common divisor of 16 and 4184?
8
Calculate the greatest common factor of 564 and 1033530.
282
What is the greatest common divisor of 1194 and 2587?
199
What is the greatest common factor of 11811 and 1643?
31
Calculate the greatest common factor of 775 and 13374950.
775
Calculate the highest common divisor of 28062 and 450.
18
What is the greatest common factor of 2621468 and 304?
76
Calculate the highest common factor of 15345 and 14805.
45
What is the highest common divisor of 432 and 1560?
24
Calculate the greatest common divisor of 3933 and 2277.
207
What is the greatest common factor of 184 and 67?
1
What is the greatest common factor of 4622 and 3843193?
2311
What is the greatest common factor of 140965 and 286?
11
Calculate the greatest common factor of 755212 and 76.
76
Calculate the highest common divisor of 380310 and 840.
210
Calculate the highest common divisor of 17835 and 167895.
615
What is the greatest common factor of 41638 and 1090?
218
What is the highest common divisor of 3450 and 2622?
138
What is the highest common factor of 3859 and 3247?
17
Calculate the greatest common divisor of 7 and 12201.
7
What is the highest common factor of 796736 and 64?
64
Calculate the greatest common factor of 9855924 and 26.
26
Calculate the highest common factor of 5947 and 2432.
19
Calculate the greatest common divisor of 1411 and 3009.
17
Calculate the greatest common factor of 60 and 7132530.
30
Calculate the greatest common divisor of 16 and 9136.
16
Calculate the highest common divisor of 23095 and 6355.
155
Calculate the highest common divisor of 68960 and 400.
80
Calculate the highest common divisor of 51535 and 13915.
55
What is the greatest common factor of 15320 and 170435?
1915
Calculate the highest common factor of 875 and 348375.
125
What is the greatest common divisor of 199677 and 707?
101
Calculate the greatest common divisor of 35287 and 54173.
497
Calculate the highest common factor of 1884 and 480.
12
Calculate the greatest common factor of 41 and 10574105.
41
What is the greatest common factor of 52292 and 22848?
68
What is the highest common factor of 23390 and 40?
10
What is the highest common factor of 28 and 922348?
28
Calculate the highest common divisor of 27691 and 1.
1
What is the greatest common divisor of 2752 and 3435184?
688
Calculate the highest common divisor of 1615 and 9843.
17
What is the greatest common divisor of 28 and 97622?
14
What is the highest common divisor of 282887 and 11?
11
What is the highest common factor of 5094 and 90?
18
Calculate the highest common divisor of 13858 and 246.
82
Calculate the highest common divisor of 3100 and 186775.
775
What is the greatest common divisor of 1699278 and 336?
42
Calculate the greatest common divisor of 19459 and 79431.
319
What is the greatest common divisor of 1056 and 2784?
96
Calculate the greatest common divisor of 648 and 120.
24
Calculate the highest common divisor of 37956 and 16.
4
Calculate the highest common factor of 3707 and 3443.
11
Calculate the highest common factor of 511 and 2359.
7
What is the greatest common factor of 214600 and 120?
40
What is the greatest common divisor of 64180 and 5800?
20
What is the highest common divisor of 215670 and 75?
15
What is the greatest common factor of 2247147 and 954?
477
What is the highest common factor of 855 and 135?
45
Calculate the greatest common factor of 4379 and 2718.
151
What is the greatest common factor of 102 and 35343?
51
Calculate the highest common divisor of 9528 and 40848.
24
Calculate the greatest common factor of 9980928 and 171.
171
What is the greatest common factor of 115895 and 1430?
65
Calculate the highest common factor of 54 and 1824.
6
Calculate the highest common divisor of 14796 and 16308.
108
What is the greatest common factor of 3648 and 10896?
48
Calculate the greatest common factor of 22 and 1633225.
11
What is the highest common divisor of 1418 and 790535?
709
What is the greatest common divisor of 34692 and 5460?
84
Calculate the greatest common divisor of 443499 and 2586.
1293
What is the greatest common factor of 54125 and 10?
5
What is the greatest common factor of 20088 and 6417?
279
Calculate the greatest common divisor of 12597 and 39083.
323
Calculate the highest common divisor of 108 and 75483.
9
What is the greatest common factor of 3633 and 4746?
21
What is the greatest common factor of 1118285 and 718?
359
Calculate the greatest common factor of 385 and 12551.
77
What is the highest common divisor of 220 and 85118?
22
What is the highest common divisor of 1360 and 5185?
85
What is the greatest common factor of 11319 and 1155?
231
Calculate the greatest common divisor of 530 and 258746.
106
Calculate the greatest common factor of 188 and 402132.
188
What is the greatest common factor of 113247 and 27?
9
Calculate the highest common factor of 186 and 233610.
6
What is the greatest common divisor of 41 and 3321?
41
Calculate the greatest common factor of 648 and 623592.
216
What is the greatest common divisor of 846 and 150?
6
What is the highest common divisor of 156 and 103524?
12
What is the greatest common divisor of 1500 and 4530?
30
What is the highest common divisor of 28 and 18347?
7
What is the greatest common divisor of 55174 and 147?
49
What is the greatest common divisor of 133635 and 1470?
15
Calculate the greatest common factor of 500 and 178125.
125
Calculate the greatest common factor of 368388 and 18.
18
Calculate the highest common factor of 521730 and 10.
10
What is the greatest common divisor of 648117 and 9?
9
What is the greatest common factor of 33 and 363077?
11
What is the greatest common factor of 3173 and 43754?
167
Calculate the highest common divisor of 34263 and 22.
1
What is the highest common divisor of 94857 and 693?
21
Calculate the greatest common divisor of 895310 and 11360.
710
What is the greatest common factor of 7 and 81809?
7
Calculate the highest common factor of 4296 and 488.
8
Calculate the greatest common divisor of 815500 and 224.
28
Calculate the greatest common divisor of 241480 and 40.
40
What is the greatest common divisor of 3298366 and 376?
94
Calculate the highest common factor of 12464 and 912.
304
Calculate the greatest common divisor of 266 and 2070677.
133
Calculate the greatest common divisor of 5539 and 38391.
191
Calculate the greatest common divisor of 413 and 12.
1
What is the highest common factor of 8298 and 18?
18
Calculate the highest common factor of 75194 and 164.
82
What is the greatest common divisor of 572890 and 3540?
590
Calculate the greatest common factor of 23187 and 2832.
177
Calculate the greatest common factor of 328 and 22468.
164
Calculate the greatest common divisor of 3045 and 16095.
435
Calculate the highest common divisor of 1323378 and 7.
7
Calculate the greatest common divisor of 481 and 67303.
37
Calculate the greatest common divisor of 5 and 57335.
5
What is the highest common divisor of 63437 and 132?
11
Calculate the highest common divisor of 195 and 1911.
39
What is the greatest common factor of 94067 and 1744?
109
Calculate the highest common factor of 2163 and 17241.
21
Calculate the highest common factor of 1116674 and 1131.
377
Calculate the greatest common divisor of 396 and 2973366.
19